{"id":569,"date":"2021-04-19T10:17:19","date_gmt":"2021-04-19T10:17:19","guid":{"rendered":"https:\/\/www.dimenzija-projekt.hr\/referenca\/ville-g\/"},"modified":"2021-05-25T08:47:52","modified_gmt":"2021-05-25T06:47:52","slug":"ville-g","status":"publish","type":"portfolio","link":"https:\/\/www.dimenzija-projekt.hr\/en\/referenca\/ville-g\/","title":{"rendered":"Ville \u201eG\u201c"},"content":{"rendered":"<p>[vc_row][vc_column width=&#8221;1\/2&#8243;]<div id=\"cz_109803\" class=\"cz_109803 cz_image clr cz_image_no_fx center_on_mobile\"><div class=\"\" ><div class=\"cz_image_in\"><div class=\"cz_main_image\"><img decoding=\"async\" width=\"2000\" height=\"1082\" src=\"data:image\/svg+xml,%3Csvg%20xmlns%3D&#39;http%3A%2F%2Fwww.w3.org%2F2000%2Fsvg&#39;%20width=&#39;2000&#39;%20height=&#39;1082&#39;%20viewBox%3D&#39;0%200%202000%201082&#39;%2F%3E\" data-czlz data-src=\"https:\/\/www.dimenzija-projekt.hr\/wp-content\/uploads\/2021\/04\/ville-G.jpg\" class=\"attachment-full\" alt=\"\" data-srcset=\"https:\/\/www.dimenzija-projekt.hr\/wp-content\/uploads\/2021\/04\/ville-G.jpg 2000w, https:\/\/www.dimenzija-projekt.hr\/wp-content\/uploads\/2021\/04\/ville-G-300x162.jpg 300w, https:\/\/www.dimenzija-projekt.hr\/wp-content\/uploads\/2021\/04\/ville-G-1024x554.jpg 1024w, https:\/\/www.dimenzija-projekt.hr\/wp-content\/uploads\/2021\/04\/ville-G-768x415.jpg 768w, https:\/\/www.dimenzija-projekt.hr\/wp-content\/uploads\/2021\/04\/ville-G-1536x831.jpg 1536w, https:\/\/www.dimenzija-projekt.hr\/wp-content\/uploads\/2021\/04\/ville-G-600x325.jpg 600w\" data-sizes=\"(max-width: 2000px) 100vw, 2000px\" \/><\/div><\/div><\/div><\/div>[\/vc_column][vc_column width=&#8221;1\/2&#8243;]<div id=\"cz_63847\" class=\"cz_63847 cz_title clr cz_title_pos_inline\"><div class=\"cz_title_content\"><div class=\"cz_wpe_content\"><p><strong>Namjena:<\/strong> Turisti\u010dka<br \/>\n<strong>Naru\u010ditelj:<\/strong> Ured ovla\u0161tenog arhitekta \u017deljko Vukeli\u0107<br \/>\n<strong>Lokacija: <\/strong>\u017dupa dubrova\u010dka<br \/>\n<strong>Usluga:<\/strong> Izrada tro\u0161kovnika<br \/>\n<strong>Obuhvat:<\/strong> 650,00 m2<br \/>\n<strong>Realizacija:<\/strong> 2018.<\/p>\n<\/div><\/div><\/div>[\/vc_column][\/vc_row]<\/p>\n","protected":false},"excerpt":{"rendered":"<p>[vc_row][vc_column width=&#8221;1\/2&#8243;][\/vc_column][vc_column width=&#8221;1\/2&#8243;][\/vc_column][\/vc_row] &#8230; <a class=\"cz_readmore\" href=\"https:\/\/www.dimenzija-projekt.hr\/en\/referenca\/ville-g\/\"><i class=\"fa fa-angle-right\"><\/i><span>Read More<\/span><\/a><\/p>\n","protected":false},"author":1,"featured_media":570,"template":"","format":"standard","meta":[],"portfolio_cat":[10],"portfolio_tags":[],"class_list":["post-569","portfolio","type-portfolio","status-publish","format-standard","has-post-thumbnail","hentry","portfolio_cat-reference-en"],"_links":{"self":[{"href":"https:\/\/www.dimenzija-projekt.hr\/en\/wp-json\/wp\/v2\/portfolio\/569","targetHints":{"allow":["GET"]}}],"collection":[{"href":"https:\/\/www.dimenzija-projekt.hr\/en\/wp-json\/wp\/v2\/portfolio"}],"about":[{"href":"https:\/\/www.dimenzija-projekt.hr\/en\/wp-json\/wp\/v2\/types\/portfolio"}],"author":[{"embeddable":true,"href":"https:\/\/www.dimenzija-projekt.hr\/en\/wp-json\/wp\/v2\/users\/1"}],"wp:featuredmedia":[{"embeddable":true,"href":"https:\/\/www.dimenzija-projekt.hr\/en\/wp-json\/wp\/v2\/media\/570"}],"wp:attachment":[{"href":"https:\/\/www.dimenzija-projekt.hr\/en\/wp-json\/wp\/v2\/media?parent=569"}],"wp:term":[{"taxonomy":"portfolio_cat","embeddable":true,"href":"https:\/\/www.dimenzija-projekt.hr\/en\/wp-json\/wp\/v2\/portfolio_cat?post=569"},{"taxonomy":"portfolio_tags","embeddable":true,"href":"https:\/\/www.dimenzija-projekt.hr\/en\/wp-json\/wp\/v2\/portfolio_tags?post=569"}],"curies":[{"name":"wp","href":"https:\/\/api.w.org\/{rel}","templated":true}]}}

<p>[vc_row][vc_column width=&#8221;1/2&#8243;]<div id="cz_109803" class="cz_109803 cz_image clr cz_image_no_fx center_on_mobile"><div class="" ><div class="cz_image_in"><div class="cz_main_image"><img decoding="async" width="2000" height="1082" src="data:image/svg+xml,%3Csvg%20xmlns%3D&#39;http%3A%2F%2Fwww.w3.org%2F2000%2Fsvg&#39;%20width=&#39;2000&#39;%20height=&#39;1082&#39;%20viewBox%3D&#39;0%200%202000%201082&#39;%2F%3E" data-czlz data-src="https://www.dimenzija-projekt.hr/wp-content/uploads/2021/04/ville-G.jpg" class="attachment-full" alt="" data-srcset="https://www.dimenzija-projekt.hr/wp-content/uploads/2021/04/ville-G.jpg 2000w, https://www.dimenzija-projekt.hr/wp-content/uploads/2021/04/ville-G-300x162.jpg 300w, https://www.dimenzija-projekt.hr/wp-content/uploads/2021/04/ville-G-1024x554.jpg 1024w, https://www.dimenzija-projekt.hr/wp-content/uploads/2021/04/ville-G-768x415.jpg 768w, https://www.dimenzija-projekt.hr/wp-content/uploads/2021/04/ville-G-1536x831.jpg 1536w, https://www.dimenzija-projekt.hr/wp-content/uploads/2021/04/ville-G-600x325.jpg 600w" data-sizes="(max-width: 2000px) 100vw, 2000px" /></div></div></div></div>[/vc_column][vc_column width=&#8221;1/2&#8243;]<div id="cz_63847" class="cz_63847 cz_title clr cz_title_pos_inline"><div class="cz_title_content"><div class="cz_wpe_content"><p><strong>Namjena:</strong> Turistička<br />
<strong>Naručitelj:</strong> Ured ovlaštenog arhitekta Željko Vukelić<br />
<strong>Lokacija: </strong>Župa dubrovačka<br />
<strong>Usluga:</strong> Izrada troškovnika<br />
<strong>Obuhvat:</strong> 650,00 m2<br />
<strong>Realizacija:</strong> 2018.</p>
</div></div></div>[/vc_column][/vc_row]</p>
